4
Convert -b13 (base 12) to base 3.
-2012020
3 (base 11) to base 5
3
Convert -4560 (base 7) to base 14.
-867
What is 2554 (base 9) in base 16?
778
12276 (base 9) to base 4
2000322
Convert 141 (base 9) to base 3.
11101
-161 (base 14) to base 3
-101102
Convert 103 (base 9) to base 6.
220
Convert -10507 (base 12) to base 10.
-21463
What is 122202 (base 4) in base 9?
2286
Convert 111001000001100 (base 2) to base 3.
1111001100
Convert d0 (base 16) to base 11.
17a
What is -3200021 (base 4) in base 7?
-56552
What is -112 (base 9) in base 16?
-5c
What is -34144 (base 11) in base 5?
-3040131
-92a5 (base 13) to base 11
-14236
Convert -773 (base 10) to base 6.
-3325
Convert -1111011110 (base 2) to base 16.
-3de
Convert 20111 (base 4) to base 2.
1000010101
-12125 (base 6) to base 16
-6f5
437 (base 13) to base 15
332
Convert -1101001111110 (base 2) to base 5.
-204112
Convert -616 (base 14) to base 10.
-1196
-12133110 (base 4) to base 10
-26580
What is -a8a (base 14) in base 15?
-93c
Convert 1433 (base 11) to base 2.
11100111011
-140311 (base 6) to base 10
-13075
Convert 64172 (base 8) to base 9.
40617
Convert 44423 (base 9) to base 10.
29505
What is 235301 (base 6) in base 16?
5095
What is -2230 (base 7) in base 2?
-1100100101
Convert -3112 (base 5) to base 10.
-407
What is -122201 (base 3) in base 15?
-21d
-53304 (base 6) to base 10
-7240
Convert e06 (base 15) to base 9.
4286
Convert 4a7c (base 13) to base 7.
42564
What is -3c6 (base 15) in base 6?
-3553
-577 (base 12) to base 4
-30223
What is -1004 (base 9) in base 3?
-1000011
What is -25203 (base 6) in base 11?
-28a7
20710 (base 8) to base 14
321a
Convert 503454 (base 6) to base 13.
150c4
1082d (base 14) to base 7
224456
Convert 858b (base 12) to base 16.
393b
What is 2441 (base 13) in base 14?
1c1d
91 (base 12) to base 13
85
4145 (base 7) to base 8
2656
Convert 1af (base 16) to base 10.
431
What is -20112220 (base 3) in base 16?
-12a8
112020111 (base 3) to base 16
288d
What is 112101 (base 5) in base 9?
5463
What is 11111110 (base 2) in base 15?
11e
1432410 (base 5) to base 2
111011010010011
What is -12661 (base 7) in base 11?
-2633
What is 94c (base 14) in base 13?
aac
Convert 131203 (base 4) to base 7.
5341
Convert 458 (base 11) to base 3.
202021
What is 7541 (base 8) in base 10?
3937
Convert -102332 (base 4) to base 9.
-1588
102211 (base 3) to base 10
319
-1011032 (base 4) to base 11
-3368
-12715 (base 8) to base 14
-2069
Convert -64357 (base 8) to base 2.
-110100011101111
What is a43 (base 12) in base 11?
1136
-666 (base 13) to base 6
-5030
Convert -1010022 (base 3) to base 13.
-4ac
Convert -12100011 (base 3) to base 13.
-1a05
Convert -b75 (base 12) to base 4.
-122021
Convert -176 (base 12) to base 7.
-453
Convert -6766 (base 8) to base 13.
-181c
Convert 2112222 (base 3) to base 13.
b03
Convert 2793 (base 11) to base 3.
11221202
What is 1100011110000 (base 2) in base 7?
24420
Convert -11514 (base 8) to base 5.
-124230
Convert 6ef (base 16) to base 2.
11011101111
-3a6 (base 15) to base 12
-593
Convert 179 (base 13) to base 15.
12e
What is -43436 (base 9) in base 8?
-70164
Convert -34621 (base 9) to base 4.
-11221000
What is 1442322 (base 5) in base 2?
111100011110010
What is 221363 (base 7) in base 4?
21200213
Convert -4016a (base 11) to base 6.
-1132013
What is 6 (base 16) in base 6?
10
2cba (base 13) to base 7
25112
What is 100121 (base 3) in base 5?
2014
-21243 (base 12) to base 9
-65646
-350326 (base 7) to base 13
-2264b
What is 2030 (base 7) in base 14?
387
Convert -74107 (base 8) to base 11.
-21152
-59 (base 11) to base 15
-44
What is 40230 (base 6) in base 3?
21020100
Convert -4e8 (base 16) to base 15.
-58b
Convert 27711 (base 8) to base 16.
2fc9
Convert 547 (base 9) to base 14.
240
Convert 21725 (base 8) to base 10.
9173
110 (base 6) to base 8
52
-4281 (base 10) to base 8
-10271
13ba (base 15) to base 16
1081
32234 (base 5) to base 12
132a
Convert 25147 (base 9) to base 8.
40773
Convert 573 (base 9) to base 8.
727
What is -c357 (base 14) in base 3?
-1201002012
What is -66355 (base 8) in base 10?
-27885
112102 (base 4) to base 15
651
Convert 1db8 (base 16) to base 11.
5797
Convert 1101110011 (base 2) to base 14.
471
10011010011100 (base 2) to base 10
9884
What is 194 (base 12) in base 15?
121
What is 2101 (base 6) in base 9?
571
What is 5410 (base 6) in base 8?
2316
Convert 972 (base 15) to base 12.
1298
What is 12135 (base 6) in base 8?
3373
Convert 9510 (base 12) to base 4.
3332130
Convert -253 (base 11) to base 13.
-1a1
Convert -63 (base 13) to base 10.
-81
2562 (base 7) to base 13
5a0
Convert 11003 (base 7) to base 14.
1003
What is 2124 (base 5) in base 10?
289
What is 2d13 (base 14) in base 13?
3886
15333 (base 7) to base 2
1000010111111
151123 (base 6) to base 4
3202323
Convert -12b6 (base 12) to base 3.
-2221210
What is -100000 (base 4) in base 13?
-60a
-1147 (base 10) to base 6
-5151
-a026 (base 13) to base 2
-101010111110010
Convert -24a2 (base 11) to base 2.
-110010111010
101001001 (base 2) to base 4
11021
1011101100 (base 2) to base 15
34d
What is -22665 (base 8) in base 11?
-7286
Convert -41146 (base 10) to base 12.
-1b98a
What is -1205 (base 6) in base 10?
-293
Convert 253 (base 6) to base 13.
81
32353 (base 6) to base 9
6106
What is -2631 (base 7) in base 11?
-831
Convert -1326 (base 7) to base 8.
-776
Convert 6102 (base 8) to base 11.
23a3
Convert 357 (base 10) to base 6.
1353
-141440 (base 6) to base 14
-4c12
What is -10211100 (base 3) in base 11?
-2107
Convert 71655 (base 8) to base 2.
111001110101101
What is 251 (base 15) in base 11?
439
432 (base 11) to base 7
1341
362 (base 13) to base 16
24b
Convert 10310 (base 5) to base 4.
23001
Convert 230222 (base 4) to base 11.
2169
14b (base 16) to base 11
281
What is 11100101111010 (base 2) in base 13?
690b
-4222 (base 7) to base 12
-a3a
Convert 1001000101100 (base 2) to base 11.
354a
111 (base 9) to base 7
160
What is -10021200 (base 3) in base 15?
-a99
1134 (base 9) to base 12
5a1
Convert -21016 (base 8) to base 12.
-5066
22556 (base 8) to base 13
4491
431430 (base 5) to base 16
3917
What is -385 (base 11) in base 6?
-2040
Convert 425 (base 14) to base 7.
2245
423033 (base 5) to base 15
42cd
Convert -10100112011 (base 3) to base 2.
-10000000111001000
3031 (base 6) to base 7
1642
dd9 (base 16) to base 14
1413
-10531 (base 11) to base 12
-8a14
Convert -b4b (base 12) to base 5.
-23033
Convert 263 (base 12) to base 8.
553
200104 (base 6) to base 15
4947
Convert 5276 (base 8) to base 3.
10202212
What is a1 (base 12) in base 11?
100
41430 (base 5) to base 14
dda
What is -f93 (base 16) in base 10?
-3987
What is 2053 (base 12) in base 13?
17a9
Convert -33bc (base 14) to base 8.
-21432
Convert 83 (base 16) to base 5.
1011
What is 11000011 (base 2) in base 12?
143
Convert -220b (base 13) to base 2.
-1001010000111
b6 (base 16) to base 15
c2
What is 3a (base 12) in base 4?
232
-11021021 (base 3) to base 15
-dc7
Convert 105352 (base 8) to base 6.
432350
a9c (base 14) to base 13
c55
Convert -999 (base 12) to base 11.
-1075
What is -3004 (base 8) in base 5?
-22130
Convert 636 (base 16) to base 3.
2011220
28478 (base 11) to base 16
9e33
-11406 (base 15) to base 6
-1102110
What is 1169 (base 10) in base 12?
815
What is -2731 (base 10) in base 2?
-101010101011
What is 990 (base 15) in base 12?
1300
24615 (base 7) to base 9
8800
-31302 (base 6) to base 2
-1000001110110
What is -1101001000 (base 2) in base 12?
-5a0
What is 3aab (base 14) in base 8?
24147
What is -11010010 (base 2) in base 15?
-e0
Convert -5177 (base 9) to base 8.
-7324
Convert 113321 (base 4) to base 2.
10111111001
58 (base 13) to base 11
67
1012222200 (base 3) to base 2
101110111110000
Convert -11011001 (base 2) to base 5.
-1332
What is -1166 (base 7) in base 15?
-1e5
What is -102332 (base 4) in base 7?
-3353
-35 (base 13) to base 14
-32
102100 (base 4) to base 2
10010010000
Convert -1434 (base 9) to base 15.
-4c4
Convert 1013 (base 16) to base 14.
16dd
Convert 4851 (base 12) to base 3.
102010221
-321f (base 16) to base 13
-5ac0
-8b59 (base 13) to base 11
-13726
-24302 (base 5) to base 12
-1083
Convert -105a4 (base 12) to base 8.
-52114
What is -996 (base 12) in base 8?
-2602
What is 233 (base 8) in base 12?
10b
1610 (base 11) to base 10
2068
Convert 43144 (base 5) to base 3.
